{"id":4049,"date":"2021-02-21T15:03:06","date_gmt":"2021-02-21T15:03:06","guid":{"rendered":"https:\/\/charta-nekretnine.hr\/?post_type=product&#038;p=4049"},"modified":"2024-09-18T09:25:07","modified_gmt":"2024-09-18T09:25:07","slug":"najam-parcela-sa-novim-kvadra-mobilnim-kucicama-u-kampu-mali-drage","status":"publish","type":"product","link":"https:\/\/charta-nekretnine.hr\/en\/product\/najam-parcela-sa-novim-kvadra-mobilnim-kucicama-u-kampu-mali-drage\/","title":{"rendered":"Prodaja mobilnih ku\u0107ica i najam parcela u kampu Mali, Drage"},"content":{"rendered":"","protected":false},"excerpt":{"rendered":"<div class=\"kvgmc6g5 cxmmr5t8 oygrvhab hcukyx3x c1et5uql ii04i59q\">\n<div dir=\"auto\"><strong>Najam parcela na 10 godina sa novom Kvadra mobilnom ku\u0107icom u kampu Mali, Drage (kontakt 095 724 2285)<\/strong><\/div>\n<\/div>\n<div dir=\"auto\"><\/div>\n<div dir=\"auto\">U mirnom kraju Draga nudimo mogu\u0107nost najma 4 parcele za postavljanje novih mobilnih ku\u0107ica Kvadra. Idealne za vlastiti odmor ili prava poslovna prilika za njihovo iznajmljivanje, ovisno o tome kako \u017eelite iskoristiti jednu od 4 parcele u kampu Mali.<\/div>\n<div dir=\"auto\"><\/div>\n<div dir=\"auto\">Cijene mobilnih ku\u0107ica (34 m2) sa natkrivenom terasom (26 m2)\u00a0 su od 38.000 \u20ac. Raspored prostorija prema odabiru budu\u0107eg vlasnika mobilnih ku\u0107ica, kao i unutra\u0161nje ure\u0111enje.<\/div>\n<div dir=\"auto\"><\/div>\n<div dir=\"auto\">Godi\u0161nji pau\u0161al za pojedinu parcelu je 2.800 \u20ac.<\/div>\n<div dir=\"auto\"><\/div>\n<div class=\"o9v6fnle cxmmr5t8 oygrvhab hcukyx3x c1et5uql ii04i59q\">\n<div dir=\"auto\">Mogu\u0107nost iznajmljivanja mobilne ku\u0107ice u kampu koji je:<\/div>\n<\/div>\n<div class=\"o9v6fnle cxmmr5t8 oygrvhab hcukyx3x c1et5uql ii04i59q\">\n<div dir=\"auto\">&#8211; u hladovini obli\u017enje \u0161ume<\/div>\n<div dir=\"auto\">&#8211; u samoj blizini maslinika<\/div>\n<div dir=\"auto\">&#8211; mogu\u0107nost postavljanja bazena u sklopu kampa<\/div>\n<\/div>\n<div class=\"o9v6fnle cxmmr5t8 oygrvhab hcukyx3x c1et5uql ii04i59q\">\n<div dir=\"auto\">&#8211; 500 m od mora<\/div>\n<div dir=\"auto\">&#8211; 300 m od centra Draga<\/div>\n<\/div>","protected":false},"featured_media":4050,"template":"","meta":{"_acf_changed":false,"ocean_post_layout":"","ocean_both_sidebars_style":"","ocean_both_sidebars_content_width":0,"ocean_both_sidebars_sidebars_width":0,"ocean_sidebar":"0","ocean_second_sidebar":"0","ocean_disable_margins":"enable","ocean_add_body_class":"","ocean_shortcode_before_top_bar":"","ocean_shortcode_after_top_bar":"","ocean_shortcode_before_header":"","ocean_shortcode_after_header":"","ocean_has_shortcode":"","ocean_shortcode_after_title":"","ocean_shortcode_before_footer_widgets":"","ocean_shortcode_after_footer_widgets":"","ocean_shortcode_before_footer_bottom":"","ocean_shortcode_after_footer_bottom":"","ocean_display_top_bar":"default","ocean_display_header":"default","ocean_header_style":"","ocean_center_header_left_menu":"0","ocean_custom_header_template":"0","ocean_custom_logo":0,"ocean_custom_retina_logo":0,"ocean_custom_logo_max_width":0,"ocean_custom_logo_tablet_max_width":0,"ocean_custom_logo_mobile_max_width":0,"ocean_custom_logo_max_height":0,"ocean_custom_logo_tablet_max_height":0,"ocean_custom_logo_mobile_max_height":0,"ocean_header_custom_menu":"0","ocean_menu_typo_font_family":"0","ocean_menu_typo_font_subset":"","ocean_menu_typo_font_size":0,"ocean_menu_typo_font_size_tablet":0,"ocean_menu_typo_font_size_mobile":0,"ocean_menu_typo_font_size_unit":"px","ocean_menu_typo_font_weight":"","ocean_menu_typo_font_weight_tablet":"","ocean_menu_typo_font_weight_mobile":"","ocean_menu_typo_transform":"","ocean_menu_typo_transform_tablet":"","ocean_menu_typo_transform_mobile":"","ocean_menu_typo_line_height":0,"ocean_menu_typo_line_height_tablet":0,"ocean_menu_typo_line_height_mobile":0,"ocean_menu_typo_line_height_unit":"","ocean_menu_typo_spacing":0,"ocean_menu_typo_spacing_tablet":0,"ocean_menu_typo_spacing_mobile":0,"ocean_menu_typo_spacing_unit":"","ocean_menu_link_color":"","ocean_menu_link_color_hover":"","ocean_menu_link_color_active":"","ocean_menu_link_background":"","ocean_menu_link_hover_background":"","ocean_menu_link_active_background":"","ocean_menu_social_links_bg":"","ocean_menu_social_hover_links_bg":"","ocean_menu_social_links_color":"","ocean_menu_social_hover_links_color":"","ocean_disable_title":"default","ocean_disable_heading":"default","ocean_post_title":"","ocean_post_subheading":"","ocean_post_title_style":"","ocean_post_title_background_color":"","ocean_post_title_background":0,"ocean_post_title_bg_image_position":"","ocean_post_title_bg_image_attachment":"","ocean_post_title_bg_image_repeat":"","ocean_post_title_bg_image_size":"","ocean_post_title_height":0,"ocean_post_title_bg_overlay":0.5,"ocean_post_title_bg_overlay_color":"","ocean_disable_breadcrumbs":"default","ocean_breadcrumbs_color":"","ocean_breadcrumbs_separator_color":"","ocean_breadcrumbs_links_color":"","ocean_breadcrumbs_links_hover_color":"","ocean_display_footer_widgets":"default","ocean_display_footer_bottom":"default","ocean_custom_footer_template":"0"},"product_brand":[],"product_cat":[42],"product_tag":[315],"class_list":{"0":"post-4049","1":"product","2":"type-product","3":"status-publish","4":"has-post-thumbnail","6":"product_cat-zemljiste","7":"product_tag-najam-nekretnina","8":"pa_broj-kupaonica-na-odabir","9":"pa_broj-spavacih-soba-52","10":"pa_cijena-38-000","11":"pa_kvadratura-177","12":"pa_mjesto-drage-pakostane","13":"pa_stanje-objekta-nove-mobilne-kucice","14":"pa_vrsta-objave-iznajmljivanje","16":"entry","17":"has-media","19":"first","20":"instock","21":"shipping-taxable","22":"purchasable","23":"product-type-simple","24":"has-product-nav","25":"col","26":"span_1_of_3","27":"owp-content-center","28":"owp-thumbs-layout-horizontal","29":"owp-btn-normal","30":"owp-tabs-layout-horizontal"},"acf":[],"jetpack_sharing_enabled":true,"_links":{"self":[{"href":"https:\/\/charta-nekretnine.hr\/en\/wp-json\/wp\/v2\/product\/4049","targetHints":{"allow":["GET"]}}],"collection":[{"href":"https:\/\/charta-nekretnine.hr\/en\/wp-json\/wp\/v2\/product"}],"about":[{"href":"https:\/\/charta-nekretnine.hr\/en\/wp-json\/wp\/v2\/types\/product"}],"wp:featuredmedia":[{"embeddable":true,"href":"https:\/\/charta-nekretnine.hr\/en\/wp-json\/wp\/v2\/media\/4050"}],"wp:attachment":[{"href":"https:\/\/charta-nekretnine.hr\/en\/wp-json\/wp\/v2\/media?parent=4049"}],"wp:term":[{"taxonomy":"product_brand","embeddable":true,"href":"https:\/\/charta-nekretnine.hr\/en\/wp-json\/wp\/v2\/product_brand?post=4049"},{"taxonomy":"product_cat","embeddable":true,"href":"https:\/\/charta-nekretnine.hr\/en\/wp-json\/wp\/v2\/product_cat?post=4049"},{"taxonomy":"product_tag","embeddable":true,"href":"https:\/\/charta-nekretnine.hr\/en\/wp-json\/wp\/v2\/product_tag?post=4049"}],"curies":[{"name":"wp","href":"https:\/\/api.w.org\/{rel}","templated":true}]}}

Prodaja mobilnih kućica i najam parcela u kampu Mali, Drage

<div class="kvgmc6g5 cxmmr5t8 oygrvhab hcukyx3x c1et5uql ii04i59q">
<div dir="auto"><strong>Najam parcela na 10 godina sa novom Kvadra mobilnom kućicom u kampu Mali, Drage (kontakt 095 724 2285)</strong></div>
</div>
<div dir="auto"></div>
<div dir="auto">U mirnom kraju Draga nudimo mogućnost najma 4 parcele za postavljanje novih mobilnih kućica Kvadra. Idealne za vlastiti odmor ili prava poslovna prilika za njihovo iznajmljivanje, ovisno o tome kako želite iskoristiti jednu od 4 parcele u kampu Mali.</div>
<div dir="auto"></div>
<div dir="auto">Cijene mobilnih kućica (34 m2) sa natkrivenom terasom (26 m2)  su od 38.000 €. Raspored prostorija prema odabiru budućeg vlasnika mobilnih kućica, kao i unutrašnje uređenje.</div>
<div dir="auto"></div>
<div dir="auto">Godišnji paušal za pojedinu parcelu je 2.800 €.</div>
<div dir="auto"></div>
<div class="o9v6fnle cxmmr5t8 oygrvhab hcukyx3x c1et5uql ii04i59q">
<div dir="auto">Mogućnost iznajmljivanja mobilne kućice u kampu koji je:</div>
</div>
<div class="o9v6fnle cxmmr5t8 oygrvhab hcukyx3x c1et5uql ii04i59q">
<div dir="auto">&#8211; u hladovini obližnje šume</div>
<div dir="auto">&#8211; u samoj blizini maslinika</div>
<div dir="auto">&#8211; mogućnost postavljanja bazena u sklopu kampa</div>
</div>
<div class="o9v6fnle cxmmr5t8 oygrvhab hcukyx3x c1et5uql ii04i59q">
<div dir="auto">&#8211; 500 m od mora</div>
<div dir="auto">&#8211; 300 m od centra Draga</div>
</div>
